{"id":790,"date":"2016-05-12T10:54:33","date_gmt":"2016-05-12T08:54:33","guid":{"rendered":"http:\/\/splash.stm\/?page_id=790"},"modified":"2024-06-19T12:13:40","modified_gmt":"2024-06-19T10:13:40","slug":"notre-histoire","status":"publish","type":"page","link":"https:\/\/demo.asivolley.fr\/index.php\/notre-histoire\/","title":{"rendered":"Notre histoire"},"content":{"rendered":"<p>[vc_row][vc_column width=\u00a0\u00bb1\/2&Prime;][vc_column_text]<\/p>\n<h4>Les Burdis &#8211; saison 2013-2014<\/h4>\n<p>[\/vc_column_text][vc_single_image image=\u00a0\u00bb2848&Prime; img_size=\u00a0\u00bbfull\u00a0\u00bb css_animation=\u00a0\u00bbleft-to-right\u00a0\u00bb][vc_column_text]Ann\u00e9e de cr\u00e9ation de l&rsquo;UGS, l&rsquo;\u00e9quipe \u00e9volue alors en Nationale 2. Elle terminera en t\u00eate de son championnat et remportera les finales. Elle acc\u00e9dera la saison suivante en Elite.[\/vc_column_text][\/vc_column][vc_column width=\u00a0\u00bb1\/2&Prime;][vc_column_text]<\/p>\n<h4>Les Burdis &#8211; saison 2014-2015<\/h4>\n<p>[\/vc_column_text][vc_single_image image=\u00a0\u00bb2828&Prime; img_size=\u00a0\u00bbfull\u00a0\u00bb css_animation=\u00a0\u00bbright-to-left\u00a0\u00bb][vc_column_text]Pour cette premi\u00e8re saison en Championnat Elite, les Burdis termineront 6\u00e8me du championnat r\u00e9gulier et 5\u00e8me de leur poule de Play-down. L&rsquo;\u00e9quipe se maintiendra en \u00e9lite.[\/vc_column_text][\/vc_column][\/vc_row][vc_row][vc_column][vc_separator][\/vc_column][\/vc_row][vc_row css=\u00a0\u00bb.vc_custom_1570375148322{padding-top: 38px !important;padding-bottom: 15px !important;}\u00a0\u00bb el_class=\u00a0\u00bbstm-af-carousel\u00a0\u00bb][vc_column width=\u00a0\u00bb1\/2&Prime;][vc_column_text]<\/p>\n<h4>Les Burdis &#8211; Saison 2015-2016<\/h4>\n<p>[\/vc_column_text][vc_single_image image=\u00a0\u00bb2832&Prime; img_size=\u00a0\u00bbfull\u00a0\u00bb css_animation=\u00a0\u00bbleft-to-right\u00a0\u00bb][vc_column_text]Lors de cette saison 2015-2016, les Burdis valideront leur maintient en Elite pour la seconde fois en finissant 6\u00e8me du championnat r\u00e9gulier et 3\u00e8me des Play-Down.[\/vc_column_text][\/vc_column][vc_column width=\u00a0\u00bb1\/2&Prime;][vc_column_text]<\/p>\n<h4>Les Burdis &#8211; Saison 2016-2017<\/h4>\n<p>[\/vc_column_text][vc_single_image image=\u00a0\u00bb2822&Prime; img_size=\u00a0\u00bbfull\u00a0\u00bb css_animation=\u00a0\u00bbright-to-left\u00a0\u00bb][vc_column_text]Comme la saison pr\u00e9c\u00e9dente, cette trois\u00e8me participation au championnat \u00e9lite verra l&rsquo;\u00e9quipe girondine terminer \u00e0 la 6\u00e8me place de la saison r\u00e9guli\u00e8re et assurer leur maintien en \u00e9lite \u00e0 la 3\u00e8me place des play-down.[\/vc_column_text][\/vc_column][\/vc_row][vc_row][vc_column][vc_separator][\/vc_column][\/vc_row][vc_row][vc_column width=\u00a0\u00bb1\/2&Prime;][vc_column_text]<\/p>\n<h4>Les Burdis &#8211; Saison 2017-2018<\/h4>\n<p>[\/vc_column_text][vc_single_image image=\u00a0\u00bb2823&Prime; img_size=\u00a0\u00bbfull\u00a0\u00bb css_animation=\u00a0\u00bbleft-to-right\u00a0\u00bb][vc_column_text]Pour la premi\u00e8re fois de leur histoire, les Burdis se qualifient pour les play-off \u00e0 la 4\u00e8me place du classement lors du championnat r\u00e9gulier. Elles termineront \u00e0 la 8\u00e8me place des play-down.[\/vc_column_text][\/vc_column][vc_column width=\u00a0\u00bb1\/2&Prime;][vc_column_text]<\/p>\n<h4>Les Burdis &#8211; Saison 2018-2019<\/h4>\n<p>[\/vc_column_text][vc_single_image image=\u00a0\u00bb2824&Prime; img_size=\u00a0\u00bbfull\u00a0\u00bb css_animation=\u00a0\u00bbright-to-left\u00a0\u00bb][vc_column_text]Cette saison l\u00e0, les Burdis terminent 3\u00e8me du championnat r\u00e9gulier, elles finieront \u00e0 la 6\u00e8me des play-off et valident encore une fois leur maintien en \u00e9lite.[\/vc_column_text][\/vc_column][\/vc_row][vc_row][vc_column][vc_separator][\/vc_column][\/vc_row][vc_row full_width=\u00a0\u00bbstretch_row\u00a0\u00bb][vc_column width=\u00a0\u00bb1\/2&Prime;][vc_column_text]<\/p>\n<h4>Les Burdis &#8211; Saison 2019-2020<\/h4>\n<p>[\/vc_column_text][vc_single_image image=\u00a0\u00bb3557&Prime; img_size=\u00a0\u00bbfull\u00a0\u00bb css_animation=\u00a0\u00bbleft-to-right\u00a0\u00bb][\/vc_column][vc_column width=\u00a0\u00bb1\/2&Prime;][vc_column_text]<\/p>\n<h4>Les Burdis &#8211; Saison 2020-2021<\/h4>\n<p>[\/vc_column_text][vc_single_image image=\u00a0\u00bb3734&Prime; img_size=\u00a0\u00bbfull\u00a0\u00bb css_animation=\u00a0\u00bbright-to-left\u00a0\u00bb][vc_column_text]Pour cette ann\u00e9e un peu particuli\u00e8re sous le signe du Covid et avec uniquement des matchs \u00e0 huis-clos, les Burdis vont louper de peu le trio final des play-off. Elles termineront en t\u00eate des Play-down. Encore une fois l&rsquo;\u00e9quipe Bordelo-M\u00e9rignacaise assure son maintien en \u00e9lite.[\/vc_column_text][vc_separator][\/vc_column][\/vc_row][vc_row][vc_column][vc_separator][\/vc_column][\/vc_row][vc_row full_width=\u00a0\u00bbstretch_row\u00a0\u00bb][vc_column width=\u00a0\u00bb1\/2&Prime;][vc_column_text]<\/p>\n<h4>Les Burdis &#8211; Saison 2022-2023<\/h4>\n<p>[\/vc_column_text][vc_single_image image=\u00a0\u00bb4509&Prime; img_size=\u00a0\u00bbfull\u00a0\u00bb css_animation=\u00a0\u00bbleft-to-right\u00a0\u00bb][vc_column_text]Saison riche en \u00e9motions avec 2 tr\u00e8s bons r\u00e9sultats pour cette ann\u00e9e 2022-2023\u00a0 :<\/p>\n<p>Une 1\u00e8re place ex-aequo en saison r\u00e9guli\u00e8re et une seconde place dans les Play-Off \u00e0 1 petit point de la mont\u00e9e en PRO F.<\/p>\n<p>Et une victoire m\u00e9morable de la coupe de France F\u00e9minine F\u00e9d\u00e9rale face \u00e0 l&rsquo;\u00e9quipe d&rsquo;Istres 3 sets \u00e0 1 au Palais des Sports de Bordeaux.[\/vc_column_text][vc_single_image image=\u00a0\u00bb4704&Prime; img_size=\u00a0\u00bblarge\u00a0\u00bb][\/vc_column][vc_column width=\u00a0\u00bb1\/2&Prime;][vc_column_text]<\/p>\n<h4>Les Burdis &#8211; Saison 2023-2024<\/h4>\n<p>[\/vc_column_text][vc_separator][vc_custom_heading text=\u00a0\u00bbCHAMPIONNES DE FRANCE !\u00a0\u00bb font_container=\u00a0\u00bbtag:h2|text_align:center\u00a0\u00bb google_fonts=\u00a0\u00bbfont_family:Noto%20Sans%3Aregular%2Citalic%2C700%2C700italic|font_style:400%20regular%3A400%3Anormal\u00a0\u00bb css_animation=\u00a0\u00bbfadeIn\u00a0\u00bb][vc_single_image image=\u00a0\u00bb4749&Prime; img_size=\u00a0\u00bbfull\u00a0\u00bb css_animation=\u00a0\u00bbleft-to-right\u00a0\u00bb][vc_column_text]Les Burdis ont d\u00e9croch\u00e9, cette saison 2023-2024, leur billet pour la Ligue A (F)[\/vc_column_text][vc_single_image image=\u00a0\u00bb5126&Prime; img_size=\u00a0\u00bbfull\u00a0\u00bb css_animation=\u00a0\u00bbleft-to-right\u00a0\u00bb][vc_column_text]Historique : Vous avez \u00e9t\u00e9 2500 pour pousser les Burdis vers le titre\u00a0<img loading=\"lazy\" src=\"https:\/\/static.xx.fbcdn.net\/images\/emoji.php\/v9\/t33\/2\/16\/1f947.png\" alt=\"\ud83e\udd47\" width=\"16\" height=\"16\" \/><img loading=\"lazy\" src=\"https:\/\/static.xx.fbcdn.net\/images\/emoji.php\/v9\/t75\/2\/16\/2728.png\" alt=\"\u2728\" width=\"16\" height=\"16\" \/><\/p>\n<p>Un record pour BMV et le Palais des Sports de la <a href=\"https:\/\/www.facebook.com\/bordeauxmaville?__cft__[0]=AZUwSTwyp9vce41yfMJ4rJ3pJunvv9q9q2oZVMZKw7UrwsqyRPQGjNgzTlomrxtCi9_0JixLdrJq5V-oGgoXU-yGPdhBpoGWCXg_XGeZDKzJdSs1255z5MGVMIghD_92mAq23nBXPbcoHoT4yChgOO0abJWs6kBo7HYhvv7-blNjEFc_zHgITpD7PTfZPLy91hcyaf6FRbHQItLNvfsrAw63&amp;__tn__=-]K-y-R\">Ville de Bordeaux<\/a>\u00a0![\/vc_column_text][vc_single_image image=\u00a0\u00bb5129&Prime; img_size=\u00a0\u00bblarge\u00a0\u00bb][vc_column_text]<a href=\"https:\/\/l.facebook.com\/l.php?u=https%3A%2F%2Fwww.instagram.com%2F_u%2Ffabsduchesnay%3Ffbclid%3DIwAR0LhHm0e0mhw3wDNNuMrR0HdkpmNzN14RA18yQphrDr_H5_2KmV9ktntp4_aem_AThKF3rNRrJWP0wD9lp2BfImcNATVORKIdpK6Ds0ot__ZdPIUb9-EjMX4pqEXYBc0JFQNUvfe0nCeMidhPDvrzTy&amp;h=AT2SrwjniBV16FP-DDN27CvHq3SJbobHOfKdZvPh5gj3ofocWb9LjsbJbqByXKV2_uf8_tirhaEMyQl-F0Hl4KCZbZ6V1gAWI6M3OPyBg2IfLDSbSsGGF8Wy4J9C1xFxsZ8uSBg&amp;__tn__=-UK-y-R&amp;c[0]=AT3-T-t4_GYFjBzkN0E330LQ9yxD-YgBMlquyNsSsHLLmnRNUMvy_dgvSYKPqkfyvicRb6DWgEUKScMbZFsO0mvMlpvLZWIpzGYUybBbn-9oEmC3f9afI5oCIFglA37KhRlGZEzOxnJXgRAwjBXLe-kHDhwIfjcttmSYHz9CyC6VCqapNf14S9-Mdn9wfxY7PE1BT5bW1Hwn2jft4uQFGod1Muq1d6ZvbYlkHU82Oe4\" target=\"_blank\" rel=\"noreferrer noopener\">@fabsduchesnay<\/a>\u00a0&amp;\u00a0<a href=\"https:\/\/l.facebook.com\/l.php?u=https%3A%2F%2Fwww.instagram.com%2F_u%2Flucascauvel%3Ffbclid%3DIwAR0XhIV6dKWAjJ9o4QXFR5Bxo_yP5xcdpuUg4IQSb-WoXLUeeK9gpf_KNC8_aem_ATjZpnJjnNk_ww7NwAgjVVEhNxB-lGtmnXGATVWru-dOvAD0vFz1Ia3WhbzbLWvwEaNHKl69qL7WsX_3loXwhans&amp;h=AT1-jzYxdzR_aWxCPlFvzh_aJQOmFWS0OMOuxFQzmsol6EPsTXWHl4TQXJM1kv35p_guTH-3PjL-GmYO8Ua_oMVP6qIW2kjzBhmUzrZA8z9aGxornvsbmwTIp7UsWA-wiL3Y8tY&amp;__tn__=-UK-y-R&amp;c[0]=AT3-T-t4_GYFjBzkN0E330LQ9yxD-YgBMlquyNsSsHLLmnRNUMvy_dgvSYKPqkfyvicRb6DWgEUKScMbZFsO0mvMlpvLZWIpzGYUybBbn-9oEmC3f9afI5oCIFglA37KhRlGZEzOxnJXgRAwjBXLe-kHDhwIfjcttmSYHz9CyC6VCqapNf14S9-Mdn9wfxY7PE1BT5bW1Hwn2jft4uQFGod1Muq1d6ZvbYlkHU82Oe4\" target=\"_blank\" rel=\"noreferrer noopener\">@lucascauvel<\/a>\u00a0<img loading=\"lazy\" src=\"https:\/\/static.xx.fbcdn.net\/images\/emoji.php\/v9\/t7d\/2\/16\/1f4f8.png\" alt=\"\ud83d\udcf8\" width=\"16\" height=\"16\" \/>[\/vc_column_text][\/vc_column][\/vc_row]<\/p>\n","protected":false},"excerpt":{"rendered":"<p>[vc_row][vc_column width=\u00a0\u00bb1\/2&Prime;][vc_column_text] Les Burdis &#8211; saison 2013-2014 [\/vc_column_text][vc_single_image image=\u00a0\u00bb2848&Prime; img_size=\u00a0\u00bbfull\u00a0\u00bb css_animation=\u00a0\u00bbleft-to-right\u00a0\u00bb][vc_column_text]Ann\u00e9e de cr\u00e9ation de l&rsquo;UGS, l&rsquo;\u00e9quipe \u00e9volue alors en Nationale 2. Elle terminera en t\u00eate de son championnat et remportera les finales. Elle acc\u00e9dera la saison suivante en Elite.[\/vc_column_text][\/vc_column][vc_column width=\u00a0\u00bb1\/2&Prime;][vc_column_text] Les Burdis &#8211; saison 2014-2015 [\/vc_column_text][vc_single_image image=\u00a0\u00bb2828&Prime; img_size=\u00a0\u00bbfull\u00a0\u00bb css_animation=\u00a0\u00bbright-to-left\u00a0\u00bb][vc_column_text]Pour cette premi\u00e8re saison en Championnat Elite,&#8230;<\/p>\n","protected":false},"author":1,"featured_media":0,"parent":0,"menu_order":0,"comment_status":"closed","ping_status":"closed","template":"","meta":[],"_links":{"self":[{"href":"https:\/\/demo.asivolley.fr\/index.php\/wp-json\/wp\/v2\/pages\/790"}],"collection":[{"href":"https:\/\/demo.asivolley.fr\/index.php\/wp-json\/wp\/v2\/pages"}],"about":[{"href":"https:\/\/demo.asivolley.fr\/index.php\/wp-json\/wp\/v2\/types\/page"}],"author":[{"embeddable":true,"href":"https:\/\/demo.asivolley.fr\/index.php\/wp-json\/wp\/v2\/users\/1"}],"replies":[{"embeddable":true,"href":"https:\/\/demo.asivolley.fr\/index.php\/wp-json\/wp\/v2\/comments?post=790"}],"version-history":[{"count":43,"href":"https:\/\/demo.asivolley.fr\/index.php\/wp-json\/wp\/v2\/pages\/790\/revisions"}],"predecessor-version":[{"id":2561,"href":"https:\/\/demo.asivolley.fr\/index.php\/wp-json\/wp\/v2\/pages\/790\/revisions\/2561"}],"wp:attachment":[{"href":"https:\/\/demo.asivolley.fr\/index.php\/wp-json\/wp\/v2\/media?parent=790"}],"curies":[{"name":"wp","href":"https:\/\/api.w.org\/{rel}","templated":true}]}}